. Give q(-3).
46
Let c(y) = y**3 - y**2 + y + 3. What is c(-2)?
-11
Let w(f) = f**3 - 6*f**2 - 8*f - 63. Give w(8).
1
Let s(w) = -w**3 + 3*w**2 + 5*w - 5. Calculate s(5).
-30
Let j(x) = -x**2 + 5*x. Calculate j(6).
-6
Let n(y) = y**3 - 4*y**2 + y - 2. Determine n(3).
-8
Let c(k) = -k**2 + 8*k - 2. Give c(3).
13
Let v(l) = 13*l + 12. Give v(4).
64
Let o(r) = -r**2 - 16*r + 63. Determine o(-19).
6
Let v(o) = -8*o - 43. Determine v(-15).
77
Let q(z) = -z**3 - 10*z**2 - z - 5. Calculate q(-10).
5
Let p(k) = 35*k + 64. Determine p(-2).
-6
Let k(y) = -8*y**2 + 388*y - 191. What is k(48)?
1
Let p(m) = m**3 + 2*m**2 - 7*m + 7. Give p(0).
7
Let l(a) = 2*a**2 - 17. Calculate l(5).
33
Let y(d) = -d**3 - 4*d**2 + 15*d + 5. Give y(-6).
-13
Let s(w) = 12*w + 1. Determine s(-1).
-11
Let n(o) = -o**3 + 9*o**2 - 6*o - 10. Calculate n(7).
46
Let h(v) = -2*v**2 + 2*v + 2. Calculate h(-2).
-10
Let s(c) = c**3 - 8*c**2 + 9*c - 10. What is s(6)?
-28
Let s(q) = -17*q**2 + 3*q - 3. Calculate s(1).
-17
Let u(c) = -c**3 + c**2 + 14*c + 1. Determine u(-3).
-5
Let k(y) = -y - 4. Give k(4).
-8
Let q(d) = -2*d**2 + d + 92. Calculate q(0).
92
Let u(v) = -14*v**2 - 6*v - 8. What is u(-2)?
-52
Let k(m) = -m**3 + 4*m**2 + 20*m - 86. Calculate k(5).
-11
Let n(i) = 2*i**2 - 12*i + 12. Give n(8).
44
Let g(a) = -a**3 - 7*a**2 + 2*a - 19. Calculate g(-8).
29
Let g(y) = 17*y + 9. Determine g(0).
9
Let x(b) = -b**2 + 13*b - 10. Give x(8).
30
Let q(g) = -g**3 + g**2 + 5*g + 2. Determine q(-2).
4
Let x(u) = -4*u - 26. Determine x(-12).
22
Let w(k) = k + 4. Give w(2).
6
Let i(w) = 77*w + 36. Calculate i(-1).
-41
Let v(b) = b**2 + 6*b + 11. Calculate v(-4).
3
Let q(x) = x**2 - x + 4. Give q(3).
10
Let g(x) = 2*x**2 + 37*x + 14. What is g(-22)?
168
Let x(i) = -i**3 - 32*i**2 - 29*i + 58. Give x(-31).
-4
Let l(k) = k**3 + 2*k**2 - 3*k. Determine l(2).
10
Let p(c) = c**2 + c. Determine p(0).
0
Let g(t) = -32*t + 1694. Determine g(53).
-2
Let u(k) = -k**2 + 7*k + 8. Calculate u(7).
8
Let b(l) = -2*l**3 - l. Give b(-1).
3
Let c(p) = -p**2 - 10*p - 11. Give c(-8).
5
Let u(i) = i**2 - 13*i. Give u(8).
-40
Let t(d) = -d**3 - 8*d**2 - 8*d - 6. Determine t(-7).
1
Let s(k) = 76*k**3 + k**2 - 2*k - 2. Give s(-1).
-75
Let a(g) = g**3 + 7*g**2 + 9*g + 17. Determine a(-5).
22
Let g(j) = j**2 + 10*j - 9. Calculate g(-10).
-9
Let b(p) = 2*p - 5. What is b(-7)?
-19
Let d(w) = -w**2 + 10*w - 25. Give d(7).
-4
Let l(y) = -4*y**2 + 3*y + 2. What is l(3)?
-25
Let k(q) = -2*q**2 - 25*q + 11. Calculate k(-12).
23
Let c(q) = -q**2 - 7*q + 5. Calculate c(-6).
11
Let g(a) = -27*a + 52. Give g(3).
-29
Let l(d) = -8*d - 141. Determine l(-21).
27
Let t(z) = 9*z. Give t(-2).
-18
Let k(o) = -2*o**3 - 15*o**2 + 8*o + 8. Give k(-8).
8
Let k(z) = 2*z**2 + 30*z + 19. Determine k(-14).
-9
Let c(k) = -k - 13. Determine c(-22).
9
Let p(d) = 11*d**2 + 3*d - 1. Calculate p(2).
49
Let y(c) = -42*c**3 + 3*c**2 - 4*c + 1. Determine y(1).
-42
Let k(l) = -l**3 - 7*l**2 - 4*l - 4. Calculate k(-6).
-16
Let h(m) = m + 31. Give h(-13).
18
Let a(r) = -30*r + 119. Give a(4).
-1
Let q(o) = -o**3 + 42*o**2 - 81*o + 49. Give q(40).
9
Let x(h) = h**3 + 14*h**2 + 6*h - 21. What is x(-13)?
70
Let d(x) = -x**3 - 12*x**2 - 9*x + 26. Give d(-11).
4
Let y(o) = 11*o - 81. Give y(7).
-4
Let z(r) = -r**3 + 9*r**2 - 10*r - 3. Calculate z(7).
25
Let a(n) = 188*n + 187. What is a(-1)?
-1
Let v(q) = -q**2 + 18*q - 68. Calculate v(13).
-3
Let y(z) = -3*z**2 + 37*z - 70. What is y(2)?
-8
Let n(y) = y**3 - 11*y**2 + 13*y - 28. Give n(10).
2
Let r(y) = -y. Calculate r(17).
-17
Let t(h) = 2*h**2 - 5*h - 3. Determine t(-2).
15
Let t(d) = -4*d**2 - 2*d - 2. Give t(-1).
-4
Let a(q) = -2*q**2 - 14*q - 9. Calculate a(-6).
3
Let m(o) = 10*o - 71. Calculate m(7).
-1
Let k(p) = -2*p**3 + 17*p**2 - 55*p + 5. Give k(6).
-145
Let g(n) = -n**3 - 6*n**2 + 14*n - 15. Calculate g(-8).
1
Let f(t) = 4*t - 90. Determine f(24).
6
Let z(u) = 2*u**2 + 94*u + 115. Calculate z(-46).
23
Let t(n) = 25*n - 120. Determine t(5).
5
Let x(u) = 2*u**2 - 29*u - 14. Give x(15).
1
Let u(t) = -t**2 + 20*t + 12. Determine u(21).
-9
Let a(n) = n**3 + 3*n**2 - 3*n + 4. Determine a(3).
49
Let m(z) = z - 2. Give m(24).
22
Let w(j) = j**2 - 8*j - 19. What is w(10)?
1
Let f(q) = -q. What is f(7)?
-7
Let a(z) = -z**3 - 6*z**2 + 7*z + 20. Give a(-7).
20
Let y(f) = -18*f + 3. Give y(-4).
75
Let g(r) = -4*r - 6. Determine g(1).
-10
Let t(r) = -r + 16. Give t(4).
12
Let r(u) = 4*u - 4. Determine r(9).
32
Let r(w) = -9*w + 60. What is r(6)?
6
Let b(h) = -3*h + 12. What is b(6)?
-6
Let j(v) = v**2 - 35*v - 37. What is j(36)?
-1
Let v(j) = -j**3 - 70*j**2 - 139*j - 210. Calculate v(-68).
-6
Let m(l) = l**2 + 21*l - 6. Determine m(-21).
-6
Let c(u) = 11*u**3 - 2*u**2 - u + 2. Give c(1).
10
Let v(q) = -q**3 + 14*q**2 - 34*q + 102. Calculate v(12).
-18
Let s(m) = -9*m**2 + 3*m - 1. Calculate s(1).
-7
Let x(o) = 5*o - 55. Give x(11).
0
Let f(h) = -32*h**2 + h + 1. Give f(-1).
-32
Let s(j) = j**3 + 10*j**2 - 2*j - 18. Give s(-10).
2
Let f(m) = -21*m - 197. Give f(-10).
13
Let z(c) = -c**3 - 4*c**2 + 3*c + 6. Calculate z(-4).
-6
Let t(c) = c**3 - c**2 - c - 9. Determine t(0).
-9
Let b(h) = -h**2 + 12*h + 10. Determine b(9).
37
Let y(c) = -c**3 - 5*c**2 + 8*c + 27. What is y(-5)?
-13
Let s(z) = -z**2 - 12*z + 42. Determine s(3).
-3
Let f(k) = -k**3 + 6*k**2 + 6*k + 12. Determine f(7).
5
Let j(n) = -6*n - 4. Calculate j(-16).
92
Let q(z) = z**3 + 9*z**2 - z - 5. Determine q(-9).
4
Let z(w) = w**3 - 5*w**2 + w. What is z(5)?
5
Let r(x) = -22*x - 1. Determine r(-1).
21
Let k(t) = 109*t**3 + t**2 - t - 1. What is k(1)?
108
Let i(g) = -g**2 - 5*g - 7. Give i(-6).
-13
Let p(f) = f + 37. Calculate p(-5).
32
Let w(t) = 22*t - 27. What is w(-2)?
-71
Let u(j) = 5*j + 1. Determine u(-2).
-9
Let y(j) = -4*j - 9. Calculate y(-8).
23
Let q(z) = 15*z**2 + 1. Calculate q(1).
16
Let f(w) = -21*w + 3. Give f(1).
-18
Let l(r) = r**2 + 10*r - 70. Calculate l(-14).
-14
Let c(m) = -m**3 + 20*m**2 + 4*m - 6. Determine c(20).
74
Let j(s) = s**2 + 2*s - 26. Calculate j(6).
22
Let i(f) = -2*f**2 - 25*f - 28. Give i(-15).
-103
Let i(l) = 2*l - 3. What is i(-4)?
-11
Let n(a) = -33*a**2. Give n(-1).
-33
Let b(s) = -s**3 - 18*s**2 + 2*s - 33. Give b(-18).
-69
Let s(v) = 3*v - 7. Calculate s(-3).
-16
Let t(q) = -q**3 - 25*q**2 - 24*q + 6. Give t(-24).
6
Let l(r) = -6*r - 11. Give l(6).
-47
Let g(n) = -n**3 - 11*n**2 - 12*n - 24. Determine g(-10).
-4
Let q(y) = -5*y + 38. Give q(6).
8
Let o(x) = -3*x**2 + 12*x - 24. Calculate o(3).
-15
Let w(f) = 4*f + 102. Calculate w(-23).
10
Let i(d) = -37*d + 253. Give i(7).
-6
Let f(n) = n**2 - 9*n + 2. What is f(7)?
-12
Let n(c) = 2*c**3 + 12*c**2 + 10. What is n(-6)?
10
Let o(l) = -4*l + 7. Calculate o(-6).
31
Let c(s) = -s**3 + 16*s**2 + 19*s - 20. What is c(17)?
14
Let b(q) = -30*q**3 + 2*q**2 + 2*q - 1. Determine b(-1).
29
Let h(a) = a**2 - 14*a - 25. Calculate h(15).
-10
Let g(d) = d**2 - 15*d + 21. What is g(13)?
-5
Let z(l) = -3*l**2 - 23*l - 13. Determine z(-5).
27
Let w(x) = -16*x - 60. Calculate w(-4).
4
Let m(f) = -58*f**3 + f. Determine m(1).
-57
Let r(s) = 3*s**2 + 10*s - 5. Give r(-5).
20
Let n(k) = 15*k - 132. Give n(9).
3
Let u(x) = 2*x**2 - 7*x - 120. Calculate u(-6).
-6
Let j(h) = -8*h + 17. Give j(2).
1
Let o(t) = -t**3 + 27*t**2 - 28*t + 56. What is o(26)?
4
Let j(y) = -y**2 - 2*y - 6. Determine j(-9).
-69
Let x(j) = 4*j - 7. What is x(-4)?
-23
Let o(d) = -d + 1. Calculate o(4).
-3
Let p(d) = 2*d**3 - 7*d**2 - 7*d + 7. Determine p(4).
-5
Let y(u) = u + 1. Calculate y(-3).
-2
Let m(x) = -2*x - 4. Determine m(3).
-10
Let l(h) = h**2 - 3*h - 47. Give l(-5).
-7
Let b(k) = -k - 7. Give b(-6).
-1
Let y(m) = -2*m**2 - 14*m + 37. What is y(-8)?
21
Let b(n) = -3*n**2 + n. Determine b(4).
-44
Let q(j) = 2*j - 12. Give q(7).
2
Let q(j) = j**3 - 39*j**2 + 75*j - 40. Determine q(37).
-3
Let y(v) = -v**2 - 16*v + 35. What is y(-19)?
-22
Let f(o) = -o**3 - 7*o**2 + 14*o + 10. Determine f(-9).
46
Let x(q) = q**3 + 9*q**2 - 6*q + 2. Determine x(-9).
56
Let a(f) = -7*f**2 - 4*f - 6. Calculate a(-2).
-26
Let q(h) = -h**2 - 17*h - 39. Determine q(-17).
-39
Let z(t) = t**2 + 5*t + 7. Give z(-6).
13
Let d(w) = w**2 - 18*w + 70. Give d(8).
-10
Let q(t) = -2*t + 6. Determine q(6).
-6
Let b(m) = m**3 + 8*m**